{"id":589,"date":"2018-02-17T19:28:42","date_gmt":"2018-02-17T18:28:42","guid":{"rendered":"http:\/\/michael-wegmann.de\/PhysiotherapieWP\/?page_id=589"},"modified":"2018-02-24T19:12:49","modified_gmt":"2018-02-24T18:12:49","slug":"anfahrt","status":"publish","type":"page","link":"https:\/\/michael-wegmann.de\/Physiotherapie\/anfahrt\/","title":{"rendered":"So schnell und einfach finden Sie uns!"},"content":{"rendered":"<div id=\"pl-589\"  class=\"panel-layout\" ><div id=\"pg-589-0\"  class=\"panel-grid panel-has-style\" ><div style=\"padding: 20px 0; \" data-overlay=\"true\" data-overlay-color=\"#000000\" class=\"panel-row-style panel-row-style-for-589-0\" ><div id=\"pgc-589-0-0\"  class=\"panel-grid-cell\" ><div id=\"panel-589-0-0-0\" class=\"so-panel widget widget_wpgmza_map_widget wpgmza_widget panel-first-child panel-last-child\" data-index=\"0\" ><div style=\"text-align: left;\" data-title-color=\"#443f3f\" data-headings-color=\"#443f3f\" class=\"panel-widget-style panel-widget-style-for-589-0-0-0\" ><div id=\"wpgmza_map\" class=\"wpgmza_map\" data-settings='{\"id\":\"1\",\"map_title\":\"Meine erste Karte\",\"map_width\":\"100\",\"map_height\":\"400\",\"map_start_lat\":\"49.783534\",\"map_start_lng\":\"9.933776\",\"map_start_location\":\"49.783533756062255,9.933776237953225\",\"map_start_zoom\":\"18\",\"default_marker\":\"0\",\"type\":\"2\",\"alignment\":\"1\",\"directions_enabled\":\"1\",\"styling_enabled\":\"0\",\"styling_json\":\"\",\"active\":\"0\",\"kml\":\"\",\"bicycle\":\"0\",\"traffic\":\"0\",\"dbox\":\"1\",\"dbox_width\":\"100\",\"listmarkers\":\"0\",\"listmarkers_advanced\":\"0\",\"filterbycat\":\"0\",\"ugm_enabled\":\"0\",\"ugm_category_enabled\":\"0\",\"fusion\":\"\",\"map_width_type\":\"\\\\%\",\"map_height_type\":\"px\",\"mass_marker_support\":\"1\",\"ugm_access\":\"0\",\"order_markers_by\":\"1\",\"order_markers_choice\":\"2\",\"show_user_location\":\"0\",\"default_to\":\"\",\"other_settings\":{\"store_locator_enabled\":2,\"store_locator_distance\":2,\"store_locator_default_radius\":\"10\",\"store_locator_not_found_message\":\"No results found in this location. Please try again.\",\"store_locator_bounce\":1,\"store_locator_query_string\":\"PLZ \\\/ Adresse:\",\"store_locator_default_address\":\"\",\"wpgmza_store_locator_restrict\":\"\",\"map_max_zoom\":\"1\",\"transport_layer\":0,\"wpgmza_theme_data\":\"\",\"wpgmza_show_points_of_interest\":1}}' data-map-id='1' Data-maps-engine='' data-shortcode-attributes='{\"id\":\"1\"}' style=\"display:block; overflow:auto; width:100%; height:400px; float:left;\"><\/div><\/div><\/div><\/div><div id=\"pgc-589-0-1\"  class=\"panel-grid-cell\" ><div id=\"panel-589-0-1-0\" class=\"so-panel widget widget_text panel-first-child panel-last-child\" data-index=\"1\" ><div style=\"text-align: left;\" data-title-color=\"#443f3f\" data-headings-color=\"#443f3f\" class=\"panel-widget-style panel-widget-style-for-589-0-1-0\" >\t\t\t<div class=\"textwidget\"><p><strong>PHYSIOTHERAPIE <\/strong><br \/>\n<strong>MICHAEL WEGMANN <\/strong><br \/>\n<strong>VIRCHOWSTR. 18 <\/strong><br \/>\n<strong>97072 W\u00dcRZBURG<\/strong><\/p>\n<p><strong>Es gibt Parkm\u00f6glichkeiten vor dem Geb\u00e4ude.<\/strong><\/p>\n<p>Mit \u00f6ffentlichen Verkehrsmitteln vom Hauptbahnhof W\u00fcrzburg:<br \/>\nNehmen Sie die S-Bahn 1 oder 4 Richtung Sanderau. Steigen Sie an der Haltestelle Eichendorffstra\u00dfe aus (ca. 10 Minuten Fahrt). Von dort sind es zu uns nur noch wenige Schritte. Sie finden unsere Praxis auf der rechten Stra\u00dfenseite.<\/p>\n<\/div>\n\t\t<\/div><\/div><\/div><\/div><\/div><\/div>","protected":false},"excerpt":{"rendered":"<p>PHYSIOTHERAPIE MICHAEL WEGMANN VIRCHOWSTR. 18 97072 W\u00dcRZBURG Es gibt Parkm\u00f6glichkeiten vor dem Geb\u00e4ude. Mit \u00f6ffentlichen Verkehrsmitteln vom Hauptbahnhof W\u00fcrzburg: Nehmen Sie die [&hellip;]<\/p>\n","protected":false},"author":1,"featured_media":0,"parent":0,"menu_order":0,"comment_status":"closed","ping_status":"closed","template":"page-templates\/page_fullwidth.php","meta":[],"_links":{"self":[{"href":"https:\/\/michael-wegmann.de\/Physiotherapie\/wp-json\/wp\/v2\/pages\/589"}],"collection":[{"href":"https:\/\/michael-wegmann.de\/Physiotherapie\/wp-json\/wp\/v2\/pages"}],"about":[{"href":"https:\/\/michael-wegmann.de\/Physiotherapie\/wp-json\/wp\/v2\/types\/page"}],"author":[{"embeddable":true,"href":"https:\/\/michael-wegmann.de\/Physiotherapie\/wp-json\/wp\/v2\/users\/1"}],"replies":[{"embeddable":true,"href":"https:\/\/michael-wegmann.de\/Physiotherapie\/wp-json\/wp\/v2\/comments?post=589"}],"version-history":[{"count":12,"href":"https:\/\/michael-wegmann.de\/Physiotherapie\/wp-json\/wp\/v2\/pages\/589\/revisions"}],"predecessor-version":[{"id":898,"href":"https:\/\/michael-wegmann.de\/Physiotherapie\/wp-json\/wp\/v2\/pages\/589\/revisions\/898"}],"wp:attachment":[{"href":"https:\/\/michael-wegmann.de\/Physiotherapie\/wp-json\/wp\/v2\/media?parent=589"}],"curies":[{"name":"wp","href":"https:\/\/api.w.org\/{rel}","templated":true}]}}